p?
5, 13
List the prime factors of 195/(-260) - 20695/(-4).
7, 739
Let y(o) = -o**3 + 11*o**2 - 8*o + 11. Let c be y(9). Let x = c + -30. What are the prime factors of x?
71
Let v(k) = k**3 + 3*k**2 - 4*k + 3. Let l be v(2). Suppose -191 = 14*o - l*o. What are the prime factors of o?
191
Suppose 37*c + 84 = 40*c. What are the prime factors of c?
2, 7
Let l(d) = 4*d. Let g be l(1). Suppose -25 = -w + 2*q, 0*q + 4*q = g*w - 100. List the prime factors of w.
5
Let z = 3 - 3. Suppose -4*b = -12, z = -h + 4*h + b - 36. Let p = h + -7. What are the prime factors of p?
2
Suppose 0 = 5*x - 5, -3*o + 0*x - 23 = -5*x. Let b(f) = -9*f + 11. Let w be b(o). Suppose 7*k - 12*k = -w. List the prime factors of k.
13
Let p(b) = 2*b + 49. What are the prime factors of p(36)?
11
Let x(y) = -y**3 + 7*y**2 - 6*y + 6. Let h be x(6). Let d be (-17)/3*h/(-2). Let v = d - 4. What are the prime factors of v?
13
Let y(a) = -16*a**3 + 4*a**2 + 2*a - 6. List the prime factors of y(-3).
2, 3, 19
Suppose 4*o - 6*o = -352. What are the prime factors of o?
2, 11
Suppose 0 = 3*i + 4*j + 20, i = 2*j + 3*j + 6. Let b be -1*i/8*4. Suppose h - 2 = 2*k - k, -b*k = h - 11. What are the prime factors of h?
5
Suppose 4*h + 2*r + 0*r - 356 = 0, 0 = r. Let a = -231 + h. List the prime factors of a/(-6) - (-1)/3.
2, 3
Suppose -13*q = 131 - 560. Let o be (-4)/((-1)/14*1). Let r = o - q. What are the prime factors of r?
23
Let p be (3/1)/((-3)/10). Let i be (p - -14)/((-2)/(-3)). List the prime factors of ((-15)/i)/((-5)/30).
3, 5
Suppose -3*f = 4*h + 20, -14 = -2*h + 3*f - 6. Let p(j) = 241*j - 2. Let z be p(h). What are the prime factors of 2/(-15) + z/(-30)?
2
Let c(m) = m**3 + 14*m**2 + 8*m. Let x be c(-11). Suppose -k + x = 101. List the prime factors of k.
2, 3, 29
Suppose -4*t + 16 = 10*q - 6*q, -q + 9 = 2*t. What are the prime factors of (-10074)/(-115) - (-2)/t?
2, 11
Let o = 26 + 50. Let f(h) = -8*h**2 + 6*h + 4. Let m be f(3). Let t = m + o. What are the prime factors of t?
2, 13
Suppose 26*z + 2580 = 30*z. List the prime factors of z.
3, 5, 43
Let y = -767 - -1419. What are the prime factors of y?
2, 163
Let j = -126 - -108. What are the prime factors of (-12)/(-54) - (0 - (-2750)/j)?
3, 17
Let u(k) = -16*k + 22 + 27 - 11*k. What are the prime factors of u(-7)?
2, 7, 17
Suppose -6 = r - 3*v, -2 = 4*r - 3*v + 4. Suppose 0 = 4*g - r*g. What are the prime factors of 1*(g - 3/(-1))?
3
Let q = 6 - 2. Suppose -k + 490 = q*n, 2*n - 5*k = -0*k + 256. List the prime factors of n.
3, 41
Suppose -38*z = z - 28782. What are the prime factors of z?
2, 3, 41
Let g(j) = -30*j - 1. Let a = -27 - -27. Suppose -2*i + 0*i - 4 = a. List the prime factors of g(i).
59
Let h(p) = p**3 - p**2 - p + 4. Let o be h(5). Let y = o + -41. What are the prime factors of y?
2, 29
Let d = -30 - -32. Suppose 4*x + d*n + 179 = 5*x, 5*n = -4*x + 742. List the prime factors of x.
3, 61
Let y = -8 - -8. Suppose 0 = 11*a - 9*a - 36. Suppose 0*j + 2*j - a = y. What are the prime factors of j?
3
Suppose 0 = -16*i + 13*i + 198. Suppose i = 5*d - 29. What are the prime factors of d?
19
Let c(t) = t**3 - 3*t**2 - 7*t + 2. Suppose -5*n - 25 = -3*w, -3 = 2*n + 1. Suppose w*l - 30 = i - 2*i, 4*l = 4*i. List the prime factors of c(i).
17
Suppose r - 80 = 121. Let o = r + 97. List the prime factors of o.
2, 149
Let s(y) = -y**3 - 10*y**2 + 10*y - 12. Let z be s(-11). List the prime factors of 5/(z + 6)*79.
79
Suppose 3*s - 5 + 59 = 2*q, -3*s - 3*q - 54 = 0. Let l = 26 + s. Suppose -12*y + 148 = -l*y. List the prime factors of y.
37
Suppose 2*h + 3*d = 12 - 61, -2*h + 4*d - 28 = 0. Let a be 65/h - (-2)/8. List the prime factors of 2/a - 76/(-6).
2, 3
Let l be 3 + -3 - -3 - (-50)/(-5). What are the prime factors of (-1)/(l/14) + 133 + 1?
2, 17
Suppose 28 = 4*o - 3*n, 5 + 2 = o - 5*n. Let b(l) = -o - 5 + 21 - 3 - l. What are the prime factors of b(-5)?
11
Let q = 125 - 116. Suppose q*b - 12*b = -198. List the prime factors of b.
2, 3, 11
Let y(v) = -1091*v**3 - 2*v**2 + 8*v + 9. List the prime factors of y(-1).
2, 5, 109
Let x = -58 - -58. List the prime factors of 6 - (5 - x) - -158.
3, 53
Let m(g) = g + 7. Let u be m(-5). Suppose r = 5*w + 4*r + 12, 0 = 4*w + u*r + 8. Suppose -o - 3*o + 280 = w. What are the prime factors of o?
2, 5, 7
Let u = 1 - 1. Suppose u = -3*m + 5*m - 30. What are the prime factors of m?
3, 5
Let b(k) = -3*k**3 - 5*k**2 - 2*k + 3. Suppose 4 - 7 = v. Let c be b(v). Suppose 0*x = 5*x - c. What are the prime factors of x?
3
Suppose -s + 45 = -30. Suppose s = 4*f - 993. What are the prime factors of f?
3, 89
Suppose -7*u + 9*u - 4*o + 1282 = 0, -5 = -5*o. Let x = -336 - u. List the prime factors of x.
3, 101
Suppose -4*d = -4*t - 20, -2*t - 2*d + 10 = -0*d. Let b(p) = p - 3 + p**3 - p**2 - 3*p + t - 1. List the prime factors of b(3).
2
Suppose 2 = 3*j - 2*j. Let t = 4 + j. List the prime factors of t/15 + (-365)/(-25).
3, 5
Suppose -15*i - 2*m + 232 = -12*i, 5*i = -5*m + 380. What are the prime factors of i?
2, 5
Let q(w) = 266*w + 57. What are the prime factors of q(18)?
3, 5, 17, 19
Let l(r) = r**3 + 46*r**2 + 42*r + 169. List the prime factors of l(-45).
2, 19
What are the prime factors of (-21951)/(-18)*(-4)/(-3)?
2, 3, 271
Let h(d) = 2*d**3 - 44*d**2 + 8*d - 31. List the prime factors of h(23).
7, 173
Let i(u) = u**3 + 8*u**2 - 67*u - 1. What are the prime factors of i(-6)?
11, 43
Suppose -9*d = -12*d + 372. What are the prime factors of d?
2, 31
Let n(z) = -5*z**3 - z**2 + z. Let y be n(1). Let s be (-2)/10 + 219/y. List the prime factors of (s/8)/((-1)/6).
3, 11
Suppose 5*i + 595 = o + 4*i, 0 = 3*o + 3*i - 1761. List the prime factors of o.
3, 197
Let v(s) = s + 5. Let g be v(0). Suppose 15 = g*w - 5. Suppose w*n = 3*n + 23. List the prime factors of n.
23
Let l be 9*2/(-6)*(5 + -6). Suppose 2*o - 2*x - 66 = -2*o, 0 = l*x + 15. What are the prime factors of o?
2, 7
Let z(c) = c**3 + 14*c - 14. Let v be z(7). Suppose -5*a - v = -1227. List the prime factors of a.
2, 5
Let j(m) = -m**3 - 3*m - 4. Let c = -7 - 1. Let b = 5 + c. What are the prime factors of j(b)?
2
Let w = -36 - -84. Suppose 3*p - 84 - w = 0. List the prime factors of p.
2, 11
Let j = 79 - 47. Suppose -j*s + 29*s = -165. List the prime factors of s.
5, 11
List the prime factors of 2/(16975/1885 - 9).
13, 29
Let z(m) be the second derivative of m**5/20 - m**4/2 + 7*m**3/6 - 5*m**2/2 - 5*m. Let l be z(5). What are the prime factors of 5/(l/(-4)) + 11?
7
Suppose 15*z - 19*z + 28 = 0. Suppose 3*o - z*o = -144. Suppose 8*h - 12*h = -o. What are the prime factors of h?
3
Let t(f) be the second derivative of -3*f**2 + 0 - 1/20*f**5 - 5/6*f**3 + 2/3*f**4 + f. What are the prime factors of t(6)?
2, 3
Suppose 7*o = 3*o + 4. Let f be 14*(-4)/(-8) - o. Suppose f*c + 52 = 2*s + 2*c, 5*s + 4*c = 60. What are the prime factors of s?
2
Let v(s) = -19*s**2 + 76*s + 4. Let g be v(4). Suppose -5*x + 15 = -0*x. What are the prime factors of x + (1 + g)*4?
23
Let w be ((-395)/(-10))/((-10)/(-8) + -1). Let n = w + -43. List the prime factors of n.
5, 23
Suppose 4 = t - 4*s, -21 = -0*t - 3*t + 3*s. Let c = -4 + t. Suppose -3*y - 4*b = -c*y + 28, y - 2*b = 28. What are the prime factors of y?
2, 7
Suppose -p = 4*p. Suppose -2*f - 3*f + 80 = p. What are the prime factors of (-4)/f + (-290)/(-8)?
2, 3
Let w(v) = 690*v**2 + v + 1. Let u be w(-1). Suppose a - u = -2*a. Suppose -4*k = k - a. What are the prime factors of k?
2, 23
Let k(a) = a**2 + 3*a - 9*a + 9 + 10 - 8*a. What are the prime factors of k(14)?
19
Let c(p) = 4*p**2 - 3 + 8 - 2*p + 6. What are the prime factors of c(3)?
41
Suppose -2*f - 4*l = -652, -1304 = -8*f + 4*f + 4*l. List the prime factors of f.
2, 163
Suppose 30*o - 3515 = 27*o - 4*t, 1177 = o - 4*t. List the prime factors of o.
3, 17, 23
List the prime factors of ((-483)/(-115))/((-6)/(-50)).
5, 7
Suppose 5*t + 27 = k, 2 = 3*k + 4*t + 16. Suppose k = -2*g + 6. Suppose x = -n - x + 2, -4*n = -g*x - 38. List the prime factors of n.
2
Suppose 2 = 2*v, -v - 8 = -5*u + 6. Suppose 5*x = 5*q + 125 - 30, -u*q + 41 = 4*x. What are the prime factors of x?
2, 7
Suppose -31 = -0*m - m. Let w be m - (-1 + -2 + 4). Suppose -4*q + w = q. What are the prime factors of q?
2, 3
Suppose -4*m + 1 = -3*l, 0 = -3*l - m - 2*m + 6. What are the prime factors of